{"id":201,"date":"2026-01-20T19:02:49","date_gmt":"2026-01-20T18:02:49","guid":{"rendered":"https:\/\/www.lastryko.eu\/?page_id=201"},"modified":"2026-01-20T19:02:50","modified_gmt":"2026-01-20T18:02:50","slug":"kontakt-lastryko-eu","status":"publish","type":"page","link":"http:\/\/www.lastryko.eu\/?page_id=201","title":{"rendered":"Kontakt Lastryko.eu"},"content":{"rendered":"\n<h3 class=\"wp-block-heading\">Dane kontaktowe<\/h3>\n\n\n\n<p>Firma:&nbsp;Tarabona.pl \u2014 Sebastian Mendyka<\/p>\n\n\n\n<p>Adres:&nbsp;ul. Broniewskiego 16, 39-100 Ropczyce<\/p>\n\n\n\n<p>Telefon:&nbsp;693 107 766<\/p>\n\n\n\n<p>E-mail:\u00a0tarabona.ropczyce@gmail.com<\/p>\n\n\n\n<p>Obszar:&nbsp;ca\u0142a Polska<\/p>\n\n\n\n<p>Najlepiej do\u0142\u0105czy\u0107 zdj\u0119cia posadzki lub pr\u00f3bki \u2013 dzi\u0119ki temu precyzyjnie dopasujemy mieszank\u0119.<\/p>\n","protected":false},"excerpt":{"rendered":"<p>Dane kontaktowe Firma:&nbsp;Tarabona.pl \u2014 Sebastian Mendyka Adres:&nbsp;ul. Broniewskiego 16, 39-100 Ropczyce Telefon:&nbsp;693 107 766 E-mail:\u00a0tarabona.ropczyce@gmail.com Obszar:&nbsp;ca\u0142a Polska Najlepiej do\u0142\u0105czy\u0107 zdj\u0119cia posadzki lub pr\u00f3bki \u2013 dzi\u0119ki temu precyzyjnie dopasujemy mieszank\u0119.<\/p>\n","protected":false},"author":1,"featured_media":0,"parent":0,"menu_order":0,"comment_status":"closed","ping_status":"closed","template":"","meta":{"footnotes":""},"class_list":["post-201","page","type-page","status-publish","hentry"],"yoast_head":"<!-- This site is optimized with the Yoast SEO plugin v26.4 - https:\/\/yoast.com\/wordpress\/plugins\/seo\/ -->\n<title>Kontakt Lastryko.eu - Lastryko.eu<\/title>\n<meta name=\"robots\" content=\"index, follow, max-snippet:-1, max-image-preview:large, max-video-preview:-1\" \/>\n<link rel=\"canonical\" href=\"http:\/\/www.lastryko.eu\/?page_id=201\" \/>\n<meta property=\"og:locale\" content=\"pl_PL\" \/>\n<meta property=\"og:type\" content=\"article\" \/>\n<meta property=\"og:title\" content=\"Kontakt Lastryko.eu - Lastryko.eu\" \/>\n<meta property=\"og:description\" content=\"Dane kontaktowe Firma:&nbsp;Tarabona.pl \u2014 Sebastian Mendyka Adres:&nbsp;ul. Broniewskiego 16, 39-100 Ropczyce Telefon:&nbsp;693 107 766 E-mail:\u00a0tarabona.ropczyce@gmail.com Obszar:&nbsp;ca\u0142a Polska Najlepiej do\u0142\u0105czy\u0107 zdj\u0119cia posadzki lub pr\u00f3bki \u2013 dzi\u0119ki temu precyzyjnie dopasujemy mieszank\u0119.\" \/>\n<meta property=\"og:url\" content=\"http:\/\/www.lastryko.eu\/?page_id=201\" \/>\n<meta property=\"og:site_name\" content=\"Lastryko.eu\" \/>\n<meta property=\"article:modified_time\" content=\"2026-01-20T18:02:50+00:00\" \/>\n<meta name=\"twitter:card\" content=\"summary_large_image\" \/>\n<meta name=\"twitter:label1\" content=\"Szacowany czas czytania\" \/>\n\t<meta name=\"twitter:data1\" content=\"1 minuta\" \/>\n<script type=\"application\/ld+json\" class=\"yoast-schema-graph\">{\"@context\":\"https:\/\/schema.org\",\"@graph\":[{\"@type\":\"WebPage\",\"@id\":\"http:\/\/www.lastryko.eu\/?page_id=201\",\"url\":\"http:\/\/www.lastryko.eu\/?page_id=201\",\"name\":\"Kontakt Lastryko.eu - Lastryko.eu\",\"isPartOf\":{\"@id\":\"http:\/\/www.lastryko.eu\/#website\"},\"datePublished\":\"2026-01-20T18:02:49+00:00\",\"dateModified\":\"2026-01-20T18:02:50+00:00\",\"breadcrumb\":{\"@id\":\"http:\/\/www.lastryko.eu\/?page_id=201#breadcrumb\"},\"inLanguage\":\"pl-PL\",\"potentialAction\":[{\"@type\":\"ReadAction\",\"target\":[\"http:\/\/www.lastryko.eu\/?page_id=201\"]}]},{\"@type\":\"BreadcrumbList\",\"@id\":\"http:\/\/www.lastryko.eu\/?page_id=201#breadcrumb\",\"itemListElement\":[{\"@type\":\"ListItem\",\"position\":1,\"name\":\"Home\",\"item\":\"http:\/\/www.lastryko.eu\/\"},{\"@type\":\"ListItem\",\"position\":2,\"name\":\"Kontakt Lastryko.eu\"}]},{\"@type\":\"WebSite\",\"@id\":\"http:\/\/www.lastryko.eu\/#website\",\"url\":\"http:\/\/www.lastryko.eu\/\",\"name\":\"Lastryko.eu\",\"description\":\"Producent suchych zapraw Lastryko\",\"potentialAction\":[{\"@type\":\"SearchAction\",\"target\":{\"@type\":\"EntryPoint\",\"urlTemplate\":\"http:\/\/www.lastryko.eu\/?s={search_term_string}\"},\"query-input\":{\"@type\":\"PropertyValueSpecification\",\"valueRequired\":true,\"valueName\":\"search_term_string\"}}],\"inLanguage\":\"pl-PL\"}]}<\/script>\n<!-- \/ Yoast SEO plugin. -->","yoast_head_json":{"title":"Kontakt Lastryko.eu - Lastryko.eu","robots":{"index":"index","follow":"follow","max-snippet":"max-snippet:-1","max-image-preview":"max-image-preview:large","max-video-preview":"max-video-preview:-1"},"canonical":"http:\/\/www.lastryko.eu\/?page_id=201","og_locale":"pl_PL","og_type":"article","og_title":"Kontakt Lastryko.eu - Lastryko.eu","og_description":"Dane kontaktowe Firma:&nbsp;Tarabona.pl \u2014 Sebastian Mendyka Adres:&nbsp;ul. Broniewskiego 16, 39-100 Ropczyce Telefon:&nbsp;693 107 766 E-mail:\u00a0tarabona.ropczyce@gmail.com Obszar:&nbsp;ca\u0142a Polska Najlepiej do\u0142\u0105czy\u0107 zdj\u0119cia posadzki lub pr\u00f3bki \u2013 dzi\u0119ki temu precyzyjnie dopasujemy mieszank\u0119.","og_url":"http:\/\/www.lastryko.eu\/?page_id=201","og_site_name":"Lastryko.eu","article_modified_time":"2026-01-20T18:02:50+00:00","twitter_card":"summary_large_image","twitter_misc":{"Szacowany czas czytania":"1 minuta"},"schema":{"@context":"https:\/\/schema.org","@graph":[{"@type":"WebPage","@id":"http:\/\/www.lastryko.eu\/?page_id=201","url":"http:\/\/www.lastryko.eu\/?page_id=201","name":"Kontakt Lastryko.eu - Lastryko.eu","isPartOf":{"@id":"http:\/\/www.lastryko.eu\/#website"},"datePublished":"2026-01-20T18:02:49+00:00","dateModified":"2026-01-20T18:02:50+00:00","breadcrumb":{"@id":"http:\/\/www.lastryko.eu\/?page_id=201#breadcrumb"},"inLanguage":"pl-PL","potentialAction":[{"@type":"ReadAction","target":["http:\/\/www.lastryko.eu\/?page_id=201"]}]},{"@type":"BreadcrumbList","@id":"http:\/\/www.lastryko.eu\/?page_id=201#breadcrumb","itemListElement":[{"@type":"ListItem","position":1,"name":"Home","item":"http:\/\/www.lastryko.eu\/"},{"@type":"ListItem","position":2,"name":"Kontakt Lastryko.eu"}]},{"@type":"WebSite","@id":"http:\/\/www.lastryko.eu\/#website","url":"http:\/\/www.lastryko.eu\/","name":"Lastryko.eu","description":"Producent suchych zapraw Lastryko","potentialAction":[{"@type":"SearchAction","target":{"@type":"EntryPoint","urlTemplate":"http:\/\/www.lastryko.eu\/?s={search_term_string}"},"query-input":{"@type":"PropertyValueSpecification","valueRequired":true,"valueName":"search_term_string"}}],"inLanguage":"pl-PL"}]}},"_links":{"self":[{"href":"http:\/\/www.lastryko.eu\/index.php?rest_route=\/wp\/v2\/pages\/201","targetHints":{"allow":["GET"]}}],"collection":[{"href":"http:\/\/www.lastryko.eu\/index.php?rest_route=\/wp\/v2\/pages"}],"about":[{"href":"http:\/\/www.lastryko.eu\/index.php?rest_route=\/wp\/v2\/types\/page"}],"author":[{"embeddable":true,"href":"http:\/\/www.lastryko.eu\/index.php?rest_route=\/wp\/v2\/users\/1"}],"replies":[{"embeddable":true,"href":"http:\/\/www.lastryko.eu\/index.php?rest_route=%2Fwp%2Fv2%2Fcomments&post=201"}],"version-history":[{"count":1,"href":"http:\/\/www.lastryko.eu\/index.php?rest_route=\/wp\/v2\/pages\/201\/revisions"}],"predecessor-version":[{"id":202,"href":"http:\/\/www.lastryko.eu\/index.php?rest_route=\/wp\/v2\/pages\/201\/revisions\/202"}],"wp:attachment":[{"href":"http:\/\/www.lastryko.eu\/index.php?rest_route=%2Fwp%2Fv2%2Fmedia&parent=201"}],"curies":[{"name":"wp","href":"https:\/\/api.w.org\/{rel}","templated":true}]}}